le of 8?
True
Does 17 divide 6182435?
False
Is 26 a factor of 37301478?
False
Is 24106 a multiple of 253?
False
Is 49 a factor of 565593?
False
Is 2223921 a multiple of 39?
False
Is 91 a factor of 3251339?
True
Is 13 a factor of 305350?
False
Is 12069136 a multiple of 16?
True
Is 212 a factor of 130157?
False
Does 1462 divide 2229550?
True
Is 8704584 a multiple of 909?
True
Does 57 divide 622782?
True
Is 10 a factor of 245992?
False
Does 9 divide 381014?
False
Is 9 a factor of 3266235?
True
Does 24 divide 116316?
False
Is 21 a factor of 414582?
True
Is 95415 a multiple of 92?
False
Is 588 a factor of 73500?
True
Is 43 a factor of 1924852?
True
Does 31 divide 3535686?
False
Is 38 a factor of 30894?
True
Does 339 divide 97146?
False
Does 16 divide 78352?
True
Does 285 divide 7698238?
False
Is 842324 a multiple of 449?
True
Is 370708 a multiple of 52?
True
Does 6 divide 1923960?
True
Is 295 a factor of 2070851?
False
Is 1921650 a multiple of 11?
False
Is 10 a factor of 14761990?
True
Is 22 a factor of 283385?
False
Is 553424 a multiple of 312?
False
Is 636465 a multiple of 11?
False
Is 333 a factor of 91575?
True
Is 6246 a multiple of 6?
True
Is 9900686 a multiple of 58?
False
Is 316 a factor of 1264000?
True
Does 410 divide 4320990?
True
Is 389233 a multiple of 150?
False
Is 35336 a multiple of 7?
True
Does 5 divide 19874?
False
Is 2345450 a multiple of 610?
True
Is 3875 a multiple of 155?
True
Does 146 divide 604878?
True
Is 367952 a multiple of 377?
True
Is 1177250 a multiple of 170?
True
Is 13 a factor of 9203701?
True
Is 535 a factor of 6031820?
False
Is 29 a factor of 211207?
True
Is 27 a factor of 462888?
True
Is 251 a factor of 1906131?
False
Is 206 a factor of 1200156?
True
Is 71 a factor of 1973934?
False
Is 6345240 a multiple of 836?
True
Is 211488 a multiple of 48?
True
Is 46 a factor of 27127?
False
Is 10101 a multiple of 11?
False
Does 113 divide 972930?
True
Is 606933 a multiple of 127?
True
Is 124 a factor of 1844252?
True
Is 87 a factor of 490767?
True
Does 55 divide 5002525?
True
Is 14 a factor of 3419653?
False
Does 1153 divide 10689463?
True
Is 820 a factor of 4471460?
True
Is 196 a factor of 70168?
True
Does 7 divide 285162?
False
Is 129300 a multiple of 30?
True
Is 68 a factor of 72312?
False
Is 30 a factor of 72450?
True
Is 4 a factor of 232999?
False
Does 7 divide 129075?
False
Is 15 a factor of 28497?
False
Is 9 a factor of 94986?
True
Is 275587 a multiple of 221?
True
Does 15 divide 324930?
True
Is 700 a factor of 1758400?
True
Is 23761 even?
False
Is 103 a factor of 1640172?
True
Does 56 divide 65245?
False
Is 126 a factor of 6704176?
False
Is 29242380 a multiple of 16?
False
Is 14558123 a multiple of 43?
True
Does 3 divide 13165?
False
Does 50 divide 1555599?
False
Is 254 a factor of 1936527?
False
Does 225 divide 1149300?
True
Is 1341919 a multiple of 61?
False
Is 5769 even?
False
Is 270 a factor of 564928?
False
Does 325 divide 746097?
False
Is 2293004 a multiple of 362?
False
Is 4 a factor of 27875?
False
Is 1525510 a multiple of 10?
True
Is 337 a factor of 982355?
True
Is 1132054 even?
True
Does 264 divide 2848824?
True
Is 1976232 even?
True
Does 19 divide 117367?
False
Does 18 divide 17083815?
False
Does 222 divide 1376178?
True
Is 43 a factor of 2103?
False
Is 2662434 a multiple of 654?
True
Is 5 a factor of 2416090?
True
Does 64 divide 20536?
False
Is 314117 a multiple of 15?
False
Is 73 a factor of 53582?
True
Is 247936 a multiple of 159?
False
Does 52 divide 937248?
True
Is 375 a factor of 10426125?
True
Does 46 divide 583050?
True
Is 16 a factor of 2243583?
False
Does 4 divide 243536?
True
Is 356670 a multiple of 15?
True
Is 267 a factor of 3943857?
True
Is 138065 a multiple of 90?
False
Does 410 divide 4133927?
False
Is 14 a factor of 1752618?
True
Is 99255 a multiple of 46?
False
Is 97 a factor of 130756?
True
Is 1726977 a multiple of 15?
False
Is 324 a factor of 929232?
True
Is 1045365 a multiple of 5?
True
Is 19 a factor of 392122?
True
Is 100 a factor of 39300?
True
Is 10 a factor of 20395?
False
Does 20 divide 1205080?
True
Does 122 divide 164822?
True
Is 4128 a multiple of 6?
True
Is 6591354 a multiple of 1297?
True
Is 8 a factor of 186210?
False
Does 11 divide 55176?
True
Is 84 a factor of 69697?
False
Does 133 divide 53411?
False
Is 10 a factor of 13932204?
False
Is 3 a factor of 2076749?
False
Does 211 divide 136306?
True
Does 3 divide 48755?
False
Is 3296130 a multiple of 138?
True
Is 1143 a factor of 4744593?
True
Is 28 a factor of 964288?
False
Is 509 a factor of 266207?
True
Is 252 a factor of 2591895?
False
Is 132 a factor of 90024?
True
Is 30 a factor of 133740?
True
Is 83 a factor of 391843?
True
Is 42344 a multiple of 67?
True
Does 79 divide 28181?
False
Is 500 a factor of 992830?
False
Does 63 divide 1806147?
True
Does 170 divide 1216004?
False
Does 8 divide 4328?
True
Does 24 divide 1892556?
False
Does 93 divide 6275328?
False
Is 80 a factor of 5537840?
True
Is 14056416 a multiple of 36?
True
Is 243782 a multiple of 16?
False
Is 7 a factor of 8482572?
True
Is 334000 a multiple of 20?
True
Is 3567276 a multiple of 99?
False
Is 123606 a multiple of 81?
True
Does 66 divide 739926?
True
Is 88 a factor of 223103?
False
Is 48848 a multiple of 568?
True
Is 549780 a multiple of 85?
True
Is 2135826 a multiple of 469?
True
Is 427460 a multiple of 268?
True
Is 799444 a multiple of 225?
False
Is 220632 a multiple of 1268?
True
Is 335133 a multiple of 25?
False
Does 9 divide 264140?
False
Does 507 divide 11306100?
True
Does 4 divide 753759?
False
Is 67212 a multiple of 44?
False
Is 750 a factor of 8241000?
True
Is 28062087 a multiple of 50?
False
Is 265530 a multiple of 167?
True
Is 242507 a multiple of 169?
False
Is 15 a factor of 643325?
False
Is 195508 a multiple of 14?
False
Does 89 divide 974016?
True
Is 233 a factor of 1904767?
False
Is 330064 a multiple of 112?
True
Does 24 divide 30727300?
False
Is 20 a factor of 1497639?
False
Is 498097 a multiple of 8?
False
Does 2 divide 42999?
False
Is 19 a factor of 1354149?
True
Is 66712 a multiple of 31?
True
Is 3213602 a multiple of 30?
False
Is 49365 a multiple of 90?
False
Is 1187734 a multiple of 31?
True
Is 749947 a multiple of 76?
False
Is 364705 a multiple of 172?
False
Does 192 divide 98304?
True
Is 175746 a multiple of 34?
True
Is 22 a factor of 5263015?
False
Does 23 divide 268915?
False
Is 1412596 a multiple of 23?
False
Does 9 divide 8533760?
False
Is 73804 a multiple of 60?
False
Is 301 a factor of 2206573?
False
Does 8 divide 574656?
True
Is 329921 a multiple of 77?
False
Is 201 a factor of 12278286?
True
Is 140 a factor of 1083180?
True
Does 14 divide 243588?
False
Is 129354 a multiple of 6?
True
Is 3 a factor of 4326?
True
Is 1199380 a multiple of 91?
True
Does 96 divide 5037752?
False
Is 14555719 a multiple of 858?
False
Is 26 a factor of 229762?
True
Does 27 divide 1906011?
True
Is 914787 a multiple of 27?
True
Is 246 a factor of 4529844?
True
Does 6 divide 7896?
True
Is 10642 a multiple of 17?
True
Does 114 divide 143526?
True
Does 333 divide 3782?
False
Does 4 divide 9123?
False
Is 75 a factor of 1016175?
True
Does 474 divide 30980?
False
Is 89556 a multiple of 6?
True
Is 9918675 a multiple of 39?
True
Does 251 divide 3010243?
True
Does 55 divide 108511?
False
Does 6 divide 4651132?
False
Is 62 a factor of 59845?
False
Is 88062 a multiple of 26?
True
Does 418 divide 182823?
False
Does 24 divide 404865?
False
Is 7 a factor of 289008?
False
Is 5047326 a multiple of 1238?
True
Is 10 a factor of 288690?
True
Is 26 a factor of 1860612?
True
Does 481 divide 7001436?
True
Does 20 divide 214900?
True
Does 28 divide 2789008?
False
Is 2295432 a multiple of 577?
False
Is 1844920 a multiple of 10?
True
Does 25 divide 339500?
True
Is 277888 a multiple of 832?
True
Is 29920 a multiple of 32?
True
Is 66 a factor of 2515112?
False
Is 38220 a multiple of 20?
True
Is 581544 a multiple of 12?
True
Does 26 divide 41378?
False
Is 22 a factor of 352074?
False
Is 3251736 a multiple of 57?
True
Is 1450623 a multiple of 265?
False
Is 16104446 a multiple of 171?
False
Is 77 a factor of 1617?
True
Is 97 a factor of 3910264?
True
Is 1294729 a multiple of 139?
False
Is 494833 a multiple of 12?
False
Is 42 a factor of 5905001?
False
Does 95 divide 3135?
True
